5?
4
Let g = 132 + -132. Suppose 2*z - 7 = l - 3*z, 2*l - 5*z - 6 = g. Calculate the remainder when 20 is divided by l.
7
Let z = 58 - 41. Suppose 2*w - z = 5. Calculate the remainder when 31 is divided by w.
9
Let q(f) = -f**2 + 6*f - 3. Let x be q(6). Let b = 7 + -4. What is the remainder when 12/3 + 3/x*1 is divided by b?
0
Let x(u) = u**3 + 5*u**2 + 4*u + 1. What is the remainder when 39 is divided by x(-2)?
4
Let r = 10 + -6. Suppose 5*d - d - 48 = -3*p, r*p + d = 64. Calculate the remainder when 31 is divided by p.
15
Suppose 15*o - 196 = 13*o. What is the remainder when o is divided by 3?
2
Let y(j) = 0*j**2 - 12 + j**2 - 2*j**2 - 10*j. What is the remainder when 8 is divided by y(-8)?
0
Let k be (-12)/42 + 7/((-147)/(-510)). Suppose k*w - 28*w = -128. Calculate the remainder when w is divided by 11.
10
Let f be ((-14)/2 + 3)*-10. Suppose 0*r = -5*x + 3*r, -5*x - 5*r + f = 0. Suppose 5*h - 24 = x*h. Calculate the remainder when 34 is divided by h.
10
Let u(g) = g**2 - 13*g - 10. Let x be u(11). Calculate the remainder when 303/7 - x/(-112) is divided by 16.
11
Let g(d) = -4*d - 8 - 2*d + 4*d - d. Suppose -292 = -6*z + 2*z. Calculate the remainder when z is divided by g(-9).
16
Let l(v) = -v**3 + 20*v**2 + 7*v - 9. Let g be l(9). Suppose 3*i = 12*i - g. Calculate the remainder when i is divided by 36.
33
Suppose 4*f - 4 = -4*w, -4*f - 5*w = -f + 1. Suppose 2*k - 5*s + 2 = -10*s, 4*k + f*s - 10 = 0. What is the remainder when 12 is divided by k?
0
Suppose 20 = -4*n + 8*n - 4*x, 5*x = 3*n - 15. Let f = 68 - n. What is the remainder when f is divided by 10/40 - (-126)/8?
15
What is the remainder when ((-272)/12)/(4/(-30)) is divided by 43?
41
Suppose 0 = q + 4*y - 115, 8*q - 378 = 5*q - y. What is the remainder when q is divided by 46?
35
Let y = 44 - 29. Suppose 10*h = 9*h + y. Suppose -4*k = 18 - 190. What is the remainder when k is divided by h?
13
Suppose -30 = -9*d + 3*d. Suppose -d*o = -i + 21 + 14, 2*i = -5*o - 5. Calculate the remainder when i is divided by 8.
2
Let u be (1 + (-6)/3)*-6. What is the remainder when 116 is divided by -1 + (u/(-4))/((-18)/492)?
36
Let u(s) = 2*s**3 - 17*s**2 - 6*s - 17. Suppose 0 = -4*l + 20, -a - 23 + 2 = -5*l. Calculate the remainder when u(9) is divided by a.
2
What is the remainder when 100/(-600) + (-3661)/(-6) is divided by 28?
22
Let w = -129 - -192. Calculate the remainder when 119 is divided by w.
56
Let y(q) = q**2 + 14*q + 76. Let l = -144 + 135. What is the remainder when y(l) is divided by (-38)/(-5) - (-4)/10?
7
Let m = 664 - 541. What is the remainder when m is divided by 53?
17
Suppose 2*x + 4 = 0, -3*x = 5*i - 2*i - 57. Let m = i + 16. What is the remainder when m is divided by 7?
2
Let r be 3 - (3 + (-6 - -2)). Suppose 25 = 5*x, 5*a + r*x = -23 + 88. Calculate the remainder when 17 is divided by a.
8
Suppose -4*o + 312 = -4. Let p = -56 + o. What is the remainder when p is divided by 8?
7
Suppose 0 = 7*d - 66 - 81. Let j(a) = 81*a**2 - 2*a + 1. What is the remainder when j(1) is divided by d?
17
Let u(s) = 26*s - 243. What is the remainder when 214 is divided by u(11)?
42
Let p(s) = s**2 + 24*s - 49. Calculate the remainder when p(15) is divided by 77.
74
Let u = -285 + 417. Suppose -2*q + 2*o = -100, -19*q = -17*q - 4*o - 110. What is the remainder when u is divided by q?
42
Suppose -3*l - 2*l + 220 = -2*v, -3*v = 2*l - 69. Suppose 4*d - 5*d + 4*i = -l, 4*d - 68 = -4*i. Calculate the remainder when 57 is divided by d.
13
Let r = 3 - -14. Let s(g) = 2*g**3 - 46*g**2 - g + 29. Calculate the remainder when r is divided by s(23).
5
Let b(z) = 23*z - 34. Let l = 18 + -9. Calculate the remainder when b(3) is divided by l.
8
Let u = 10 + -52. Let h = u - -61. Calculate the remainder when h is divided by 5.
4
Let y(i) = i**2 - 25*i + 59. Calculate the remainder when y(26) is divided by 15.
10
Let f(t) = t**2 + 2*t - 93. Calculate the remainder when (-142)/(-2)*(-1 + 2) is divided by f(10).
17
Suppose -5*k - 18 - 8 = -s, -5*s + 49 = 2*k. What is the remainder when 1*-2*(4180/(-8))/s is divided by 14?
11
Suppose 0 = 5*r - 5*c - 30, 10 = -0*r + r - 2*c. Suppose 4*h + r*q - 25 - 47 = 0, 5*q = -5*h + 85. Calculate the remainder when h is divided by 11.
8
Let t(o) = -o**3 - 4*o**2 + 2. Let l be t(-4). Suppose 2*y = -l*y - 184. Let p = y + 89. What is the remainder when p is divided by 15?
13
Let t = 415 - 391. What is the remainder when 324 is divided by t?
12
Let c(t) = 5*t + 10. Let x be c(-6). Let l = 30 + x. Suppose v + 98 = 5*u + 6, 2*u - 29 = 3*v. Calculate the remainder when u is divided by l.
9
Let s(z) = z**3 - 6*z**2 - 109*z - 33. What is the remainder when 260 is divided by s(14)?
8
Calculate the remainder when 835 is divided by 25*(-22)/55 + 80.
65
Suppose -g - a + 75 = 4*a, 483 = 5*g - 2*a. Let n = -32 + g. What is the remainder when n is divided by 13?
11
Let v = 40 + -22. Let j(b) = -b**3 - 62*b**2 + 65*b + 168. Calculate the remainder when j(-63) is divided by v.
6
Let u(g) = 13*g**2. Let a = -127 + 182. Suppose 7 = -2*m + a. What is the remainder when m is divided by u(-1)?
11
Suppose 5*m - m + 3*c - 20 = 0, 12 = -3*c. Let v = -71 - -92. What is the remainder when v is divided by m?
5
Let j(b) = -b**2 + 3*b - 5. Suppose v + 4 = 2*v. Let m be j(v). Let p(d) = d**3 + 8*d**2 - 9*d + 7. Calculate the remainder when 10 is divided by p(m).
3
Let r = -67 - -90. Suppose 5*x - 109 = -3*m, 4*x = 2*m - 13 - r. Calculate the remainder when m is divided by 15.
13
Suppose 4*b - 158 = -2*o - 3*o, -4*o - 8 = 0. Calculate the remainder when 123 is divided by b.
39
Calculate the remainder when (2/8 + -1)*(-41 + -27) is divided by 14.
9
Let k(i) = -2*i**3 - 10*i**2 + 26*i - 8. What is the remainder when k(-9) is divided by 17?
15
Suppose 4*s + 3 - 249 = -u, 0 = s - 5*u - 51. Calculate the remainder when s is divided by 6.
1
Suppose -4*r + 17 = 3*t, -2*r + 3*t + 26 = t. Suppose -152 = -4*o - 5*y + 14, 2*o + y = 86. Let k = o - 15. Calculate the remainder when k is divided by r.
5
Suppose -c - 2*j + 64 = c, 4*c - 3*j - 93 = 0. Calculate the remainder when 3/2*1908/54 is divided by c.
26
Let p(i) = 2*i**2 - 50*i - 50. Let u be p(26). Let a(r) = 4*r + 2. Calculate the remainder when 36 is divided by a(u).
6
Let c = -21 + 24. Suppose 0 = -3*q + 2*y + 120, 0 = -2*y + y + c. What is the remainder when 30 is divided by 2*-3*(-56)/q?
6
Let h(y) = 4*y**2 + 20*y - 32. Calculate the remainder when h(-11) is divided by 59.
55
Let q(b) = 5*b**2 - 24*b - 14. Suppose -4*h + 16 = -4*y, -y + 3*h - 2 = -4. Let j = 35 - y. Calculate the remainder when j is divided by q(6).
20
Let q(t) = -2*t + 1. Let j be q(-8). Suppose 0 = -y + 2*y - 4*d + 15, -j = -5*y - 3*d. Suppose -2 = -2*o - 0. What is the remainder when y is divided by o?
0
Let q(i) = -1. Let s(g) = -7*g**3 - 2*g**2 + g + 1. Let v(n) = -2*q(n) - s(n). Let f be v(-2). What is the remainder when (-18)/f - (-293)/5 is divided by 10?
9
Let o be 1958/6 + (-6)/18. Suppose 3*t = 5*r - 399, -3*r + 7*r - o = -t. What is the remainder when r is divided by 21?
18
Let g(q) = 7*q - 3. Let p(x) = -8*x**3 + 4*x**2 + 3*x - 5. Let z be p(-2). Suppose 7*y = z + 295. What is the remainder when y is divided by g(3)?
16
Suppose 3*u = 0, 5*j + 27*u - 775 = 31*u. What is the remainder when j is divided by 26?
25
Let v(r) be the third derivative of r**5/30 + r**4/6 - r**3/2 + 6*r**2. Let y(t) = 2*t - 2. Let m be y(-1). Calculate the remainder when v(m) is divided by 7.
6
Let g = -75 - -75. Suppose -2*r = 3*b - 22, g = -2*b - 4*r - 9 + 13. Calculate the remainder when 47 is divided by b.
7
Suppose -4*j = -j - 393. What is the remainder when 255 is divided by j?
124
Suppose 0 = -5*j + 13 + 152. What is the remainder when j is divided by -1 + 3 + -2 - (1 - 13)?
9
Let r(c) be the third derivative of -c**5/60 - c**4/2 - 3*c**3/2 + 49*c**2. Suppose m = -4 - 4. Calculate the remainder when 89 is divided by r(m).
20
Calculate the remainder when 164 is divided by (-68 - (-10)/5)/((-2)/1).
32
Let n be 78*(28/6)/7. Let g = -41 + n. Calculate the remainder when 54 is divided by g.
10
Suppose 1 + 69 = 7*u. Let o be (-3)/(-1 + (-5)/(-2)). What is the remainder when u is divided by (-51)/(-15) + o/5?
1
Let q(s) = -s + 5. Let n be (-1)/(3/(-3))*2. Suppose -4 = -3*a + 4*l, -3 = -5*a + n*l - 1. Wha